{"id":165,"date":"2023-10-23T14:15:35","date_gmt":"2023-10-23T17:15:35","guid":{"rendered":"https:\/\/bq85afa88.com.br\/?page_id=165"},"modified":"2025-03-22T08:24:34","modified_gmt":"2025-03-22T11:24:34","slug":"registre-se","status":"publish","type":"page","link":"https:\/\/bq85afa88.com.br\/index.php\/registre-se\/","title":{"rendered":"Registre-se"},"content":{"rendered":"\n<p>Preencha o formul\u00e1rio abaixo para se tornar membro de nossa comunidade. Lembramos que esse espa\u00e7o \u00e9 exclusivo para os integrantes das Turmas EPCAR-1985 e AFA-1988.<\/p>\n\n\n\n<p><\/p>\n\n\n\n<p> <\/p>\n\n\n\n<h2 class=\"wp-block-heading\"><strong>FORMUL\u00c1RIO DE REGISTRO<\/strong><\/h2>\n\n\n\n<div class=\"forminator-guttenberg\"><form id=\"forminator-module-164\" class=\"forminator-custom-form forminator-custom-form-164\" method=\"post\" data-forminator-render=\"0\" data-uid=\"6a04de2947b23\"><div role=\"alert\" aria-live=\"polite\" class=\"forminator-response-message forminator-error\" aria-hidden=\"true\"><\/div><\/form><\/div>\n","protected":false},"excerpt":{"rendered":"<p>Preencha o formul\u00e1rio abaixo para se tornar membro de nossa comunidade. Lembramos que esse espa\u00e7o \u00e9 exclusivo para os integrantes das Turmas EPCAR-1985 e AFA-1988. FORMUL\u00c1RIO DE REGISTRO<\/p>\n","protected":false},"author":1,"featured_media":0,"parent":0,"menu_order":0,"comment_status":"closed","ping_status":"closed","template":"","meta":{"_starter_page_template":"","_wpcom_template_layout_category":[],"footnotes":""},"class_list":["post-165","page","type-page","status-publish","hentry"],"_links":{"self":[{"href":"https:\/\/bq85afa88.com.br\/index.php\/wp-json\/wp\/v2\/pages\/165","targetHints":{"allow":["GET"]}}],"collection":[{"href":"https:\/\/bq85afa88.com.br\/index.php\/wp-json\/wp\/v2\/pages"}],"about":[{"href":"https:\/\/bq85afa88.com.br\/index.php\/wp-json\/wp\/v2\/types\/page"}],"author":[{"embeddable":true,"href":"https:\/\/bq85afa88.com.br\/index.php\/wp-json\/wp\/v2\/users\/1"}],"replies":[{"embeddable":true,"href":"https:\/\/bq85afa88.com.br\/index.php\/wp-json\/wp\/v2\/comments?post=165"}],"version-history":[{"count":2,"href":"https:\/\/bq85afa88.com.br\/index.php\/wp-json\/wp\/v2\/pages\/165\/revisions"}],"predecessor-version":[{"id":626,"href":"https:\/\/bq85afa88.com.br\/index.php\/wp-json\/wp\/v2\/pages\/165\/revisions\/626"}],"wp:attachment":[{"href":"https:\/\/bq85afa88.com.br\/index.php\/wp-json\/wp\/v2\/media?parent=165"}],"curies":[{"name":"wp","href":"https:\/\/api.w.org\/{rel}","templated":true}]}}